{"id":1369,"date":"2023-11-13T17:14:55","date_gmt":"2023-11-13T17:14:55","guid":{"rendered":"https:\/\/energy.kruger.com\/?post_type=te_announcements&#038;p=1369"},"modified":"2023-12-14T21:54:43","modified_gmt":"2023-12-14T21:54:43","slug":"premier-parc-eolien-au-quebec","status":"publish","type":"te_announcements","link":"https:\/\/energy.kruger.com\/fr\/announcement\/premier-parc-eolien-au-quebec\/","title":{"rendered":"Premier parc \u00e9olien au Qu\u00e9bec"},"content":{"rendered":"<h3>2012<\/h3>\n<p><strong>Kruger \u00c9nergie met en service son premier parc \u00e9olien au Qu\u00e9bec, le Parc \u00e9olien Mont\u00e9r\u00e9gie :<\/strong><\/p>\n<ul>\n<li>44 \u00e9oliennes<\/li>\n<li>5 municipalit\u00e9s adjacentes \u00e0 la grande r\u00e9gion de Montr\u00e9al : Saint-Isidore (19 \u00e9oliennes), Saint-R\u00e9mi (10), Saint-Michel (7), Saint-Constant (5) et Mercier (3)<\/li>\n<\/ul>\n","protected":false},"parent":0,"comment_status":"closed","ping_status":"closed","template":"","class_list":["post-1369","te_announcements","type-te_announcements","status-publish","hentry","timeline-histoire-energie"],"acf":[],"announcement_date":"Announcement Date: janvier 1, 2012","announcement_image":{"iframe":false,"url":"https:\/\/energy.kruger.com\/wp-content\/uploads\/sites\/5\/2018\/01\/pem.jpg"},"yoast_head":"<!-- This site is optimized with the Yoast SEO plugin v27.0 - https:\/\/yoast.com\/product\/yoast-seo-wordpress\/ -->\n<title>Premier parc \u00e9olien au Qu\u00e9bec - \u00c9nergie<\/title>\n<meta name=\"robots\" content=\"index, follow, max-snippet:-1, max-image-preview:large, max-video-preview:-1\" \/>\n<link rel=\"canonical\" href=\"https:\/\/energy.kruger.com\/fr\/announcement\/premier-parc-eolien-au-quebec\/\" \/>\n<meta property=\"og:locale\" content=\"fr_FR\" \/>\n<meta property=\"og:type\" content=\"article\" \/>\n<meta property=\"og:title\" content=\"Premier parc \u00e9olien au Qu\u00e9bec - \u00c9nergie\" \/>\n<meta property=\"og:description\" content=\"2012 Kruger \u00c9nergie met en service son premier parc \u00e9olien au Qu\u00e9bec, le Parc \u00e9olien Mont\u00e9r\u00e9gie : 44 \u00e9oliennes 5 municipalit\u00e9s adjacentes \u00e0 la grande r\u00e9gion de Montr\u00e9al : Saint-Isidore (19 \u00e9oliennes), Saint-R\u00e9mi (10), Saint-Michel (7), Saint-Constant (5) et Mercier (3)\" \/>\n<meta property=\"og:url\" content=\"https:\/\/energy.kruger.com\/fr\/announcement\/premier-parc-eolien-au-quebec\/\" \/>\n<meta property=\"og:site_name\" content=\"\u00c9nergie\" \/>\n<meta property=\"article:modified_time\" content=\"2023-12-14T21:54:43+00:00\" \/>\n<meta name=\"twitter:card\" content=\"summary_large_image\" \/>\n<meta name=\"twitter:label1\" content=\"Dur\u00e9e de lecture estim\u00e9e\" \/>\n\t<meta name=\"twitter:data1\" content=\"1 minute\" \/>\n<script type=\"application\/ld+json\" class=\"yoast-schema-graph\">{\"@context\":\"https:\/\/schema.org\",\"@graph\":[{\"@type\":\"WebPage\",\"@id\":\"https:\/\/energy.kruger.com\/fr\/announcement\/premier-parc-eolien-au-quebec\/\",\"url\":\"https:\/\/energy.kruger.com\/fr\/announcement\/premier-parc-eolien-au-quebec\/\",\"name\":\"Premier parc \u00e9olien au Qu\u00e9bec - \u00c9nergie\",\"isPartOf\":{\"@id\":\"https:\/\/energy.kruger.com\/#website\"},\"datePublished\":\"2023-11-13T17:14:55+00:00\",\"dateModified\":\"2023-12-14T21:54:43+00:00\",\"breadcrumb\":{\"@id\":\"https:\/\/energy.kruger.com\/fr\/announcement\/premier-parc-eolien-au-quebec\/#breadcrumb\"},\"inLanguage\":\"fr-FR\",\"potentialAction\":[{\"@type\":\"ReadAction\",\"target\":[\"https:\/\/energy.kruger.com\/fr\/announcement\/premier-parc-eolien-au-quebec\/\"]}]},{\"@type\":\"BreadcrumbList\",\"@id\":\"https:\/\/energy.kruger.com\/fr\/announcement\/premier-parc-eolien-au-quebec\/#breadcrumb\",\"itemListElement\":[{\"@type\":\"ListItem\",\"position\":1,\"name\":\"Home\",\"item\":\"https:\/\/energy.kruger.com\/fr\/\"},{\"@type\":\"ListItem\",\"position\":2,\"name\":\"Timeline Express Announcements\",\"item\":\"https:\/\/energy.kruger.com\/fr\/announcement\/\"},{\"@type\":\"ListItem\",\"position\":3,\"name\":\"Premier parc \u00e9olien au Qu\u00e9bec\"}]},{\"@type\":\"WebSite\",\"@id\":\"https:\/\/energy.kruger.com\/#website\",\"url\":\"https:\/\/energy.kruger.com\/\",\"name\":\"\u00c9nergie\",\"description\":\"Kruger Energy\",\"potentialAction\":[{\"@type\":\"SearchAction\",\"target\":{\"@type\":\"EntryPoint\",\"urlTemplate\":\"https:\/\/energy.kruger.com\/?s={search_term_string}\"},\"query-input\":{\"@type\":\"PropertyValueSpecification\",\"valueRequired\":true,\"valueName\":\"search_term_string\"}}],\"inLanguage\":\"fr-FR\"}]}<\/script>\n<!-- \/ Yoast SEO plugin. -->","yoast_head_json":{"title":"Premier parc \u00e9olien au Qu\u00e9bec - \u00c9nergie","robots":{"index":"index","follow":"follow","max-snippet":"max-snippet:-1","max-image-preview":"max-image-preview:large","max-video-preview":"max-video-preview:-1"},"canonical":"https:\/\/energy.kruger.com\/fr\/announcement\/premier-parc-eolien-au-quebec\/","og_locale":"fr_FR","og_type":"article","og_title":"Premier parc \u00e9olien au Qu\u00e9bec - \u00c9nergie","og_description":"2012 Kruger \u00c9nergie met en service son premier parc \u00e9olien au Qu\u00e9bec, le Parc \u00e9olien Mont\u00e9r\u00e9gie : 44 \u00e9oliennes 5 municipalit\u00e9s adjacentes \u00e0 la grande r\u00e9gion de Montr\u00e9al : Saint-Isidore (19 \u00e9oliennes), Saint-R\u00e9mi (10), Saint-Michel (7), Saint-Constant (5) et Mercier (3)","og_url":"https:\/\/energy.kruger.com\/fr\/announcement\/premier-parc-eolien-au-quebec\/","og_site_name":"\u00c9nergie","article_modified_time":"2023-12-14T21:54:43+00:00","twitter_card":"summary_large_image","twitter_misc":{"Dur\u00e9e de lecture estim\u00e9e":"1 minute"},"schema":{"@context":"https:\/\/schema.org","@graph":[{"@type":"WebPage","@id":"https:\/\/energy.kruger.com\/fr\/announcement\/premier-parc-eolien-au-quebec\/","url":"https:\/\/energy.kruger.com\/fr\/announcement\/premier-parc-eolien-au-quebec\/","name":"Premier parc \u00e9olien au Qu\u00e9bec - \u00c9nergie","isPartOf":{"@id":"https:\/\/energy.kruger.com\/#website"},"datePublished":"2023-11-13T17:14:55+00:00","dateModified":"2023-12-14T21:54:43+00:00","breadcrumb":{"@id":"https:\/\/energy.kruger.com\/fr\/announcement\/premier-parc-eolien-au-quebec\/#breadcrumb"},"inLanguage":"fr-FR","potentialAction":[{"@type":"ReadAction","target":["https:\/\/energy.kruger.com\/fr\/announcement\/premier-parc-eolien-au-quebec\/"]}]},{"@type":"BreadcrumbList","@id":"https:\/\/energy.kruger.com\/fr\/announcement\/premier-parc-eolien-au-quebec\/#breadcrumb","itemListElement":[{"@type":"ListItem","position":1,"name":"Home","item":"https:\/\/energy.kruger.com\/fr\/"},{"@type":"ListItem","position":2,"name":"Timeline Express Announcements","item":"https:\/\/energy.kruger.com\/fr\/announcement\/"},{"@type":"ListItem","position":3,"name":"Premier parc \u00e9olien au Qu\u00e9bec"}]},{"@type":"WebSite","@id":"https:\/\/energy.kruger.com\/#website","url":"https:\/\/energy.kruger.com\/","name":"\u00c9nergie","description":"Kruger Energy","potentialAction":[{"@type":"SearchAction","target":{"@type":"EntryPoint","urlTemplate":"https:\/\/energy.kruger.com\/?s={search_term_string}"},"query-input":{"@type":"PropertyValueSpecification","valueRequired":true,"valueName":"search_term_string"}}],"inLanguage":"fr-FR"}]}},"_links":{"self":[{"href":"https:\/\/energy.kruger.com\/fr\/wp-json\/wp\/v2\/announcement\/1369","targetHints":{"allow":["GET"]}}],"collection":[{"href":"https:\/\/energy.kruger.com\/fr\/wp-json\/wp\/v2\/announcement"}],"about":[{"href":"https:\/\/energy.kruger.com\/fr\/wp-json\/wp\/v2\/types\/te_announcements"}],"replies":[{"embeddable":true,"href":"https:\/\/energy.kruger.com\/fr\/wp-json\/wp\/v2\/comments?post=1369"}],"wp:attachment":[{"href":"https:\/\/energy.kruger.com\/fr\/wp-json\/wp\/v2\/media?parent=1369"}],"curies":[{"name":"wp","href":"https:\/\/api.w.org\/{rel}","templated":true}]}}

Premier parc éolien au Québec

<h3>2012</h3>
<p><strong>Kruger Énergie met en service son premier parc éolien au Québec, le Parc éolien Montérégie :</strong></p>
<ul>
<li>44 éoliennes</li>
<li>5 municipalités adjacentes à la grande région de Montréal : Saint-Isidore (19 éoliennes), Saint-Rémi (10), Saint-Michel (7), Saint-Constant (5) et Mercier (3)</li>
</ul>

<!-- This site is optimized with the Yoast SEO plugin v27.0 - https://yoast.com/product/yoast-seo-wordpress/ -->
<title>Premier parc éolien au Québec - Énergie</title>
<meta name="robots" content="index, follow, max-snippet:-1, max-image-preview:large, max-video-preview:-1" />
<link rel="canonical" href="https://energy.kruger.com/fr/announcement/premier-parc-eolien-au-quebec/" />
<meta property="og:locale" content="fr_FR" />
<meta property="og:type" content="article" />
<meta property="og:title" content="Premier parc éolien au Québec - Énergie" />
<meta property="og:description" content="2012 Kruger Énergie met en service son premier parc éolien au Québec, le Parc éolien Montérégie : 44 éoliennes 5 municipalités adjacentes à la grande région de Montréal : Saint-Isidore (19 éoliennes), Saint-Rémi (10), Saint-Michel (7), Saint-Constant (5) et Mercier (3)" />
<meta property="og:url" content="https://energy.kruger.com/fr/announcement/premier-parc-eolien-au-quebec/" />
<meta property="og:site_name" content="Énergie" />
<meta property="article:modified_time" content="2023-12-14T21:54:43+00:00" />
<meta name="twitter:card" content="summary_large_image" />
<meta name="twitter:label1" content="Durée de lecture estimée" />
	<meta name="twitter:data1" content="1 minute" />
<script type="application/ld+json" class="yoast-schema-graph">{"@context":"https://schema.org","@graph":[{"@type":"WebPage","@id":"https://energy.kruger.com/fr/announcement/premier-parc-eolien-au-quebec/","url":"https://energy.kruger.com/fr/announcement/premier-parc-eolien-au-quebec/","name":"Premier parc éolien au Québec - Énergie","isPartOf":{"@id":"https://energy.kruger.com/#website"},"datePublished":"2023-11-13T17:14:55+00:00","dateModified":"2023-12-14T21:54:43+00:00","breadcrumb":{"@id":"https://energy.kruger.com/fr/announcement/premier-parc-eolien-au-quebec/#breadcrumb"},"inLanguage":"fr-FR","potentialAction":[{"@type":"ReadAction","target":["https://energy.kruger.com/fr/announcement/premier-parc-eolien-au-quebec/"]}]},{"@type":"BreadcrumbList","@id":"https://energy.kruger.com/fr/announcement/premier-parc-eolien-au-quebec/#breadcrumb","itemListElement":[{"@type":"ListItem","position":1,"name":"Home","item":"https://energy.kruger.com/fr/"},{"@type":"ListItem","position":2,"name":"Timeline Express Announcements","item":"https://energy.kruger.com/fr/announcement/"},{"@type":"ListItem","position":3,"name":"Premier parc éolien au Québec"}]},{"@type":"WebSite","@id":"https://energy.kruger.com/#website","url":"https://energy.kruger.com/","name":"Énergie","description":"Kruger Energy","potentialAction":[{"@type":"SearchAction","target":{"@type":"EntryPoint","urlTemplate":"https://energy.kruger.com/?s={search_term_string}"},"query-input":{"@type":"PropertyValueSpecification","valueRequired":true,"valueName":"search_term_string"}}],"inLanguage":"fr-FR"}]}</script>
<!-- / Yoast SEO plugin. -->

Premier parc éolien au Québec - Énergie

2012 Kruger Énergie met en service son premier parc éolien au Québec, le Parc éolien Montérégie : 44 éoliennes 5 municipalités adjacentes à la grande région de Montréal : Saint-Isidore (19 éoliennes), Saint-Rémi (10), Saint-Michel (7), Saint-Constant (5) et Mercier (3)

Énergie
